{"id":20290,"date":"2025-01-05T15:15:18","date_gmt":"2025-01-05T14:15:18","guid":{"rendered":"https:\/\/bagageprive.com\/?post_type=product&#038;p=20290"},"modified":"2025-01-22T08:10:10","modified_gmt":"2025-01-22T07:10:10","slug":"sac-isotherme-caddie-bleu","status":"publish","type":"product","link":"https:\/\/bagageprive.com\/index.php\/produit\/sac-isotherme-caddie-bleu\/","title":{"rendered":"Sac isotherme Caddie Bleu"},"content":{"rendered":"<table class=\"product-specifications\">\n<thead>\n<tr>\n<th>Caract\u00e9ristique<\/th>\n<th>D\u00e9tail<\/th>\n<\/tr>\n<\/thead>\n<tbody>\n<tr>\n<td>Longueur<\/td>\n<td>33 cm<\/td>\n<\/tr>\n<tr>\n<td>Largeur<\/td>\n<td>18,5 cm<\/td>\n<\/tr>\n<tr>\n<td>Hauteur<\/td>\n<td>35 cm<\/td>\n<\/tr>\n<tr>\n<td>Mat\u00e9riaux<\/td>\n<td>Polyester et aluminium<\/td>\n<\/tr>\n<tr>\n<td>Couleur<\/td>\n<td>Bleu<\/td>\n<\/tr>\n<\/tbody>\n<\/table>\n","protected":false},"excerpt":{"rendered":"<p>Transportez vos aliments et boissons en toute fra\u00eecheur avec ce sac Caddie bleu, \u00e9quip\u00e9 d&#8217;une fermeture \u00e0 glissi\u00e8re pratique.<br \/>\nParfait pour vos pique-niques, vos escapades en plein air ou vos courses, il combine style et fonctionnalit\u00e9 pour r\u00e9pondre \u00e0 vos besoins quotidiens.<\/p>\n","protected":false},"featured_media":20291,"template":"","meta":[],"product_cat":[17],"product_tag":[],"class_list":{"0":"post-20290","1":"product","2":"type-product","3":"status-publish","4":"has-post-thumbnail","6":"product_cat-sacs-et-accessoires","8":"first","9":"instock","10":"shipping-taxable","11":"purchasable","12":"product-type-simple"},"_links":{"self":[{"href":"https:\/\/bagageprive.com\/index.php\/wp-json\/wp\/v2\/product\/20290","targetHints":{"allow":["GET"]}}],"collection":[{"href":"https:\/\/bagageprive.com\/index.php\/wp-json\/wp\/v2\/product"}],"about":[{"href":"https:\/\/bagageprive.com\/index.php\/wp-json\/wp\/v2\/types\/product"}],"wp:featuredmedia":[{"embeddable":true,"href":"https:\/\/bagageprive.com\/index.php\/wp-json\/wp\/v2\/media\/20291"}],"wp:attachment":[{"href":"https:\/\/bagageprive.com\/index.php\/wp-json\/wp\/v2\/media?parent=20290"}],"wp:term":[{"taxonomy":"product_cat","embeddable":true,"href":"https:\/\/bagageprive.com\/index.php\/wp-json\/wp\/v2\/product_cat?post=20290"},{"taxonomy":"product_tag","embeddable":true,"href":"https:\/\/bagageprive.com\/index.php\/wp-json\/wp\/v2\/product_tag?post=20290"}],"curies":[{"name":"wp","href":"https:\/\/api.w.org\/{rel}","templated":true}]}}